58. What is the units digit of r?
9
Let n = 3 + -1. Let k = 4 - n. What is the units digit of 5 - (k + -2 - -1)?
4
Let s(p) = -4*p - 2. Let t be s(-1). What is the units digit of (-6)/15*(t + -67)?
6
What is the tens digit of (-3)/((-18)/4) + 456/18?
2
Let v(x) = 2*x**2 - 2*x - 1. Suppose c - 8 = 5*c - 2*w, -2*c = -5*w + 12. Let r be v(c). Let m(f) = f + 4. What is the units digit of m(r)?
7
Suppose 231 = 5*u - 2*u. Let y = -53 + u. What is the units digit of y?
4
Let q(g) = 20 - 4*g + 6*g - 3*g + 2*g. What is the units digit of q(0)?
0
Let v(g) = g**2 - 12*g. Let d be v(12). Let t = d + 2. What is the units digit of t?
2
Suppose 52 = 5*k - g, k + 4*g = -0*k + 2. Let v = 11 - k. What is the units digit of v?
1
Suppose -2*w = 3*w. Let h(m) = -m**2 - 4*m - 1. Let x be h(-3). Let k = x - w. What is the units digit of k?
2
Suppose -54 = -5*c + 236. What is the tens digit of c?
5
Let j(y) = y + 9. Let p be j(-4). What is the units digit of 30/p - 0/(-2)?
6
Suppose n + 18 = 3*n. Suppose -5*f - n = 6. Let k = 6 - f. What is the units digit of k?
9
Let q = 58 + -38. Suppose -5*v - 10 = -10*v. What is the tens digit of (v/1)/2 + q?
2
Let u = 14 + -3. Suppose -k - w = -2*w + 4, -2*w + u = -3*k. What is the units digit of k/(-2)*(-4)/(-6)?
1
Suppose -3*w = -3, 0 = -q - w + 6*w - 5. Let a = q + 2. What is the units digit of a?
2
What is the units digit of -6*(-68)/36*3?
4
Let x(k) = k**2 + 7*k + 4. Let f be x(-5). Let v = 7 - f. What is the tens digit of v?
1
Let i(z) = 6*z**3 - 8*z**2 + 4*z + 1. Let s(h) = -5*h**3 + 7*h**2 - 3*h. Let k(j) = 4*i(j) + 5*s(j). What is the units digit of k(3)?
7
Let f(d) = -23*d - 13. What is the tens digit of f(-5)?
0
What is the units digit of (-1 + 2)/(2/70)?
5
What is the units digit of 140/2 - 6/(-2)?
3
Suppose 15 = 5*i, -5*v + 22 = -i - 0*i. Let x = 3 + -6. Let t = x + v. What is the units digit of t?
2
Let s be 122/2*(0 - -1). Suppose -4*i - 3*f + s = 0, 7*f - 4*f - 45 = -3*i. Let h = -10 + i. What is the units digit of h?
6
Let j = 4 + -2. Suppose -3*r - 25 = -2*o, -j*o - 3*o + 5 = 4*r. What is the units digit of o?
5
Let s be (-3 - (1 + -3)) + 3. Let h = s - -1. What is the units digit of (h*-1)/(6/(-16))?
8
Suppose 0*y + y - 9 = 0. Suppose -3 = -4*a + 3*o - 4, -3*o = -y. Suppose -a*l + 25 = 3*l. What is the units digit of l?
5
Let s = -2 - -12. Let x be (0 + -1)/(1/s). Let o = -5 - x. What is the units digit of o?
5
Let t(u) = u**3 - u**2 - 5*u - 3. What is the units digit of t(5)?
2
Let l(f) = f**3 + 7*f**2 - f + 5. Let d be l(-7). What is the units digit of 8/d + (-12)/(-9)?
2
Let n(a) = a**2 - 3*a - 19. Let c be n(8). Let g = c - 17. What is the units digit of g?
4
Let i(u) = -u**2 + u + 22. Let f be 5 - 4 - (-1)/(-1). What is the tens digit of i(f)?
2
Suppose -v - v + 42 = 0. Let n = v - 12. What is the units digit of n?
9
Let p be 3/9*2*3. Suppose -p*h = -2*b - 0*b - 48, -96 = -4*h - 5*b. What is the tens digit of h?
2
Let w be (-106)/(-10) + 18/(-30). Let f = w - 7. What is the units digit of f?
3
Let q(x) = -x**3 + 6*x**2 + 4*x - 8. Let y be q(6). Suppose -i + y = 3*g - 23, -5*g + i + 57 = 0. What is the tens digit of g?
1
Suppose -4*m - 5*a + 0 = 10, 0 = 3*a - 6. Let d(h) = -h**2 - 1. Let z(y) = 3*y**2 + 2*y + 5. Let i(b) = 2*d(b) + z(b). What is the tens digit of i(m)?
1
Suppose 4*s = 2*q + 22, 4*q - 2*s = 1 - 27. Let k be 3/q - 2/5. Let v = 3 + k. What is the units digit of v?
2
What is the units digit of (6/18)/((-1)/(-18))?
6
Let o be ((-10 + 1)/3)/1. Let a be o/(-4)*(-9 - -1). What is the units digit of (-62)/a - 1/3?
0
Let z be 3*(1 + 1/3). Suppose z*l - 5 + 21 = 0. What is the units digit of (9 - 0)/((-6)/l)?
6
Suppose -2*m - 3 = -g + 1, 2*g = 3*m + 8. Suppose 2*p + 3*p - 35 = m. What is the units digit of p?
7
Let f(g) = 81*g**2 - 4*g + 3. What is the tens digit of f(1)?
8
Suppose 3*q - 5*q + 6 = 0. Suppose 3*r - 2*r + 3*g = 19, 3*g = -q*r + 63. What is the units digit of r?
2
Suppose -4*i + 1 = -3*n - 3, -4*n = 2*i - 24. Suppose 4*l = 2*d + 8, d = 3*d + 3*l - 6. Suppose -3*x + i + 8 = d. What is the units digit of x?
4
Suppose -5*b + 14 = 4. Suppose 3*m = 47 - b. What is the tens digit of m?
1
Suppose 0 = 2*f - 3*i - 106, f - 208 = -3*f + 4*i. What is the tens digit of f?
5
Let m be (6/(-4))/((-6)/204). Suppose -a = 2*a - m. Suppose 4*d - 45 = -a. What is the units digit of d?
7
Let l(w) be the first derivative of w**3/3 - w**2 - w - 1. What is the units digit of l(-1)?
2
Let y(k) = k**3 - 6*k**2 + 4*k + 8. What is the tens digit of y(6)?
3
Let w(g) = g**2 - 8. What is the units digit of w(6)?
8
Suppose 0 = 4*m + f - 511, 6*m + 2*f = 3*m + 387. What is the units digit of m?
7
Let o(c) = c**2 + 3*c - 9. What is the tens digit of o(-7)?
1
Suppose 0 = 3*g + 33 + 57. Let q = -51 - g. Let j = q + 37. What is the units digit of j?
6
Let k(v) = 3*v + 1. Let w be k(-5). What is the tens digit of (-200)/w - 10/35?
1
Let j(b) = 64*b**3 - 1. Let i be j(1). Let y = 90 - i. What is the units digit of y?
7
Let y(f) = -20*f + 14. Let q(v) = 7*v - 5. Let b(a) = 17*q(a) + 6*y(a). Let w be b(-4). What is the units digit of (-3 + 6)/w - -13?
4
Let w = -105 - -104. Let c(l) = -19*l**2 - l + 2. Let y(f) = 37*f**2 + 2*f - 3. Let g(q) = 5*c(q) + 3*y(q). What is the units digit of g(w)?
6
What is the tens digit of (1/(-5))/(4/(-2980))?
4
Suppose 5*f - v + 92 + 13 = 0, 5*v = -5*f - 135. What is the tens digit of 621/33 + (-4)/f?
1
Let a = 18 - 10. Suppose -a - 16 = -s. What is the units digit of 150/s + 1/(-4)?
6
Suppose 0 + 10 = 5*d. Suppose 0*v - 2*v + 2 = 0, 16 = d*y - 2*v. What is the units digit of y?
9
Suppose -1 = v - 4*o, 15 - 2 = -3*v + 2*o. Let u(q) = -3*q - 4. What is the tens digit of u(v)?
1
What is the units digit of 2 + (-9)/(9/(-16))?
8
Suppose -9 - 11 = -4*h. Suppose 3*w + 0*n - 88 = -h*n, 0 = 4*n - 8. What is the tens digit of w?
2
Suppose 4*n = -0*n + 68. Suppose 83 + n = 4*y. What is the tens digit of y?
2
Suppose 5*o - 2*o = 45. What is the units digit of o?
5
Let i(m) = -m**2 + 7*m - 8. Suppose -27 = -5*k + 3. Let l be i(k). What is the units digit of ((-4)/(-8))/(l/(-24))?
6
Suppose -3*b = -g - 5 - 37, -5*b + 63 = -4*g. What is the tens digit of b?
1
What is the units digit of ((-4)/(-8) - 1)*-154?
7
What is the units digit of (-15)/(-3) + 3/(-1)?
2
Let a(n) = -n**3 - 4*n**2 + 7*n + 5. Let f be a(-5). What is the units digit of f*-1*(2 - -2)?
0
Suppose 0 = -4*a - b + 15, a + 3 = -3*a + 5*b. Let y = 4 - a. Let p = y - -10. What is the units digit of p?
1
Let n(q) = -12*q - 2. Let y be n(-3). Suppose 2*h + 0*h = y. What is the tens digit of h?
1
Let o(s) be the third derivative of s**6/120 - s**5/15 - 7*s**4/24 + s**3 + 7*s**2. What is the tens digit of o(6)?
3
What is the units digit of (-4)/(-6)*(29 - -4)?
2
Let j = 55 - 5. Let h = j - 33. What is the units digit of h?
7
Suppose -s + 0*s = 5*w + 133, 2*w + 64 = 5*s. What is the tens digit of 0*(-3)/12 - w?
2
Let b = 183 - 94. What is the units digit of b?
9
Let w(c) = -12*c - 13. Let y be w(-5). Let t = 87 - y. What is the tens digit of t?
4
Suppose -15 = 5*k - 8*k. Suppose -2*x - 3*m = m - 16, -k*m = 5*x - 55. What is the units digit of x?
4
Let j(a) = a**3 + a**2 - 3*a + 10. Let c(b) = b**2 - b - 1. Let m(o) = -3*c(o) - j(o). What is the units digit of m(-6)?
9
Let f(h) = 4*h**2 + 13*h - 11. What is the tens digit of f(5)?
5
Let d = 433 - 189. What is the tens digit of d?
4
Suppose -5*r + 2*g + 311 = 0, 0*g + 4*g + 73 = r. What is the tens digit of r?
6
Suppose 2*g - 5*o + 18 = 0, -3*o = g - 2*o - 5. Let j = -6 - -11. Suppose g = 4*q + m - 4, 0 = -4*q - j*m - 7. What is the units digit of q?
2
What is the tens digit of 0 - 6/(-27) - (-3256)/9?
6
Suppose 67 = 4*x + f - 0*f, -2*x + 32 = 2*f. Let n = -11 + x. What is the units digit of n?
6
What is the tens digit of (-5*(-4)/20)/((-1)/(-101))?
0
Suppose -8*k + 6*k = -72. What is the units digit of k?
6
Let t(k) = -k**3 - k**2 - k - 1. Let w be (-52)/20 - (-4)/(-10). Let o be t(w). What is the units digit of (o*(-2)/(-2))/1?
0
Let c(s) = -s**3 + 5*s**2 - 3*s + 1. Let p be c(5). Let z = -8 - p. What is the units digit of z?
6
Suppose -4*n = -4*a - 0*n - 4, a = 2*n - 1. Let u(b) = -20*b**3 - b**2 + b + 1. What is the units digit of u(a)?
9
Let t = 5 - -98. Let r be 6 + ((-12)/4)/(9/6). Suppose 2*z +